ulate the highest common factor of d and p.
3
Suppose i = v + 8, -12 - 11 = -2*i - 5*v. Calculate the highest common divisor of 117 and i.
9
Let l(y) = y + 1. Let r be l(0). Suppose -24 = -4*v - 2*u, -3*u + 12 = -2*v + 32. Calculate the greatest common factor of v and r.
1
Let i be ((-4)/5)/(4/(-10)). Let v(z) = z**i + 9*z + 3 - 2 - 2. Let d be v(-10). Calculate the greatest common divisor of d and 1.
1
Let s be (-609)/(-3) + -2 - 3. What is the greatest common factor of s and 18?
18
Let b(w) = w**2 - 2*w. Let j be b(3). Let m be (-4)/(-10) + 13/5. Let g be (-2 + 4)*2*m. Calculate the highest common factor of j and g.
3
Let l(s) = -7 - 2 + 13*s - s**2 - 1. Let r be l(8). Suppose -u + 3*m = 0, 5*u - 4*m - 6 - 5 = 0. Calculate the highest common divisor of u and r.
3
Let r = 10 - 12. Let i be (r + -1)/(9/(-24)). What is the greatest common divisor of i and 8?
8
Suppose -26 = -5*m - z + 40, -m + 6 = 2*z. Let x = 26 - m. Suppose -4*s = x, 217 + 80 = 4*q + 5*s. Calculate the greatest common divisor of 13 and q.
13
Let y(i) = 8*i**3 + 3*i - 2. Let b be y(1). Suppose 0 = 2*p - j + 23 - 172, -p + 92 = -4*j. Calculate the greatest common factor of b and p.
9
Let h be 0 + 0 + (2 - 3). Let s be 17*(h - (-1 + -1)). Suppose -11*z + 18*z - 119 = 0. Calculate the greatest common divisor of s and z.
17
Let x = -40 + 68. Suppose -2*u + x = -w, -2*u + 0*w - 3*w + 20 = 0. Calculate the highest common divisor of 39 and u.
13
Let b(w) = -w**3 - 2*w**2 + w - 12. Let i be b(-5). Let y = 1888 + -1333. Suppose -3*s = 120 - y. What is the highest common divisor of s and i?
29
Let f be 27/12*(-8)/(-3). Suppose f = 2*b - 6. Calculate the highest common divisor of b and 2.
2
Suppose 2*m = 8 + 14. Let p = m + 3. What is the highest common factor of 14 and p?
14
Suppose -2*f + 20 = 2*f. Let y be f/(-10) + 51/6. What is the greatest common factor of y and 2?
2
Let l(m) = m**3 + 5*m**2 - 8*m + 2. Let c be l(-6). Let n = c + -7. Calculate the highest common divisor of n and 56.
7
Suppose 6*w - 331 = -1. Calculate the highest common divisor of w and 5.
5
Let d(h) = 86*h**3 - 2*h**2 + h. Let s be d(1). What is the highest common factor of s and 17?
17
Let d(v) = 2*v**2 - v + 4. Let l be d(0). Suppose -5*h + 2*w + 135 = -w, -4*h + 108 = -l*w. What is the greatest common factor of h and 9?
9
Let y(o) = -7*o - 3. Let b be y(-2). Let u be -5 - (-2 - (-1 + -2)). Let v = b + u. Calculate the greatest common factor of 20 and v.
5
Let n be 1322/7 + 13/91. What is the greatest common factor of 21 and n?
21
Let j be -1*(-15 - (1 - 1)). What is the greatest common divisor of j and 45?
15
Let l = -47 + 117. Calculate the greatest common factor of l and 7.
7
Suppose 5 = l + 2*b, 4*l + 0*l - 12 = -4*b. What is the highest common factor of l and 1?
1
Let k(j) = 5*j**3 + j**2 + 9 - 5*j**3 + j**3. Let w be k(0). What is the greatest common divisor of w and 18?
9
Suppose 4*j - 2*j = 3*k - 430, 3 = 3*j. Calculate the highest common divisor of 18 and k.
18
Suppose -o = -5*t + 107, 0 = 2*t + 3*o - 0*o - 36. Suppose -9*p + 4*p = -65. Let f = p - 6. What is the highest common factor of t and f?
7
Suppose 2*n - 14 = 4*h, 3*n + 3 = -3*h - 3. Let v = 5 - -2. Suppose 2*y - 29 = -v. What is the greatest common divisor of y and n?
1
Let b = -22 - -19. Let n(s) = s**3 + 5*s**2 - 5*s + 6. Let q be n(-6). Let v be 0 - (b + -19 + q). Calculate the greatest common divisor of 110 and v.
22
Let m be 904/28 - (-6)/(-21). What is the greatest common factor of 4 and m?
4
Let k be (0 - -1 - -1)/2. Let z = -106 + 111. Calculate the highest common factor of k and z.
1
Suppose 218 = 4*y + 58. Suppose 3*n = -z + 4 + 31, -4*z + 20 = 0. Calculate the greatest common factor of y and n.
10
Suppose y - 358 = -y. Suppose 5*a = 181 + y. Calculate the highest common factor of 8 and a.
8
Let k = 76 - 66. Let s be 426/21 + 4/(-14). What is the greatest common factor of k and s?
10
Let b be (-2877)/(-49) - (-10)/35. What is the highest common factor of b and 413?
59
Let l = -42 - -38. Let a(v) = 7*v**2 + 3*v + 12. Let t(j) = -j**2 - 1. Let x(f) = a(f) + 6*t(f). Let b be x(l). What is the greatest common divisor of 5 and b?
5
Let r(g) = -28*g + 8. Let q be r(-4). Calculate the highest common factor of 24 and q.
24
Let p = -6 - -24. Calculate the greatest common factor of p and 12.
6
Suppose 0 = -4*a - 5*p - 3, 3*a - 4*p = 10 + 11. Let u = 16 + a. Calculate the highest common factor of u and 19.
19
Let l(m) = m**3 + 7*m**2 + 6*m - 4. Let q be l(-5). Let w be 3*-20*2/(-5). What is the highest common factor of w and q?
8
Let n be (-5)/(-2)*(1 - -39). What is the highest common divisor of 20 and n?
20
Let a(s) = s**2 - 10*s - 27. Let m be a(19). What is the highest common factor of m and 48?
48
Suppose 4*y + 2*b = 16, 0 = y - 5*b - 6 + 2. Suppose 0 = -y*q - q + 675. Calculate the highest common factor of 15 and q.
15
Let t(m) = m**2 + 3*m + 1. Suppose 4*r = -6 - 6. Let s be t(r). Let v be (-1 - s)/(3/(-24)). Calculate the greatest common divisor of v and 2.
2
Suppose -5*i - 1 = -4*p, -5 = -3*p - 5*i + 22. Suppose 0 = -3*b + h + 31, -2*b + p*h + 34 = -0*b. What is the greatest common divisor of b and 1?
1
Let h(a) = a**2 - 12. Let p be h(5). Calculate the highest common divisor of 117 and p.
13
Let x(r) = r**2 - 2*r + 1. Let c be x(6). Let z be (-900)/(-4)*2*1/2. What is the greatest common divisor of c and z?
25
Let l be (0 + (-18)/21)*-14. Let v = l - 11. Calculate the highest common factor of 4 and v.
1
Let t(z) = z**3 - 4*z - 3. Let w be t(-2). Let y be (-142)/w + (-14)/(-21). Calculate the highest common factor of y and 12.
12
Let b be 4/(-3)*-1*3. Suppose -b*k + 55 = -3*k. What is the greatest common factor of k and 22?
11
Let t = 19 - 9. Calculate the greatest common factor of t and 4.
2
Suppose 3*j = 12, 4 + 27 = 5*f + 4*j. Suppose 3*k = 5*u + 160, -8 = k + f*u - 80. Let p be ((-4)/5)/((-3)/45). What is the highest common divisor of k and p?
12
Let y = 17 - 35. Let g = y + 32. Suppose -5*v + 148 = 3*k, -3*v + 96 = 2*k + v. What is the greatest common divisor of k and g?
14
Let a(q) = 2*q**2 + 1. Let f be a(1). Suppose 2*g - f - 9 = 0. Suppose -4*w = -g*w + 30. Calculate the highest common factor of w and 90.
15
Let r(p) = -p**3 + 6*p**2 + 2. Let v be r(6). Suppose -3*m - 17 = -c, -v*m - 16 = -2*c + 22. Calculate the greatest common divisor of c and 180.
20
Let c(p) = -6*p**2 - 32*p - 6. Let q(j) = 2*j**2 + 11*j + 2. Let x(h) = -6*c(h) - 17*q(h). Let s be x(-3). What is the greatest common factor of 40 and s?
5
Let d be (-5 - 1)/(3 - (-390)/(-128)). Calculate the greatest common divisor of d and 16.
16
Suppose d = -4*y - 7, 2*d + 4 = 2*y - 0. Let f be ((-1)/d)/((-1)/(-21)). Let l be 1 + 5 + (1 - 0). What is the greatest common divisor of f and l?
7
Suppose 0 = -5*t - 2*h + 88, -8*t + 3*t = 4*h - 86. Let y be 1 + 1 + (-2 - -6). Calculate the greatest common divisor of t and y.
6
Let h = 181 + -109. What is the greatest common factor of h and 48?
24
Suppose -28 = -d - 1. Calculate the highest common factor of d and 3.
3
Suppose 7 = 2*o - p, -p - 3 = -0. Suppose 12 = d + o*d. Suppose 0 = -m + 3*y + 40, 0*y = m - d*y - 44. What is the highest common divisor of 28 and m?
28
Let l = 44 + 36. Calculate the highest common factor of 10 and l.
10
Let q be (-64)/12*2*(-9)/6. Calculate the greatest common factor of 96 and q.
16
Let z = 15 + -14. Calculate the highest common factor of z and 2.
1
Let q = -118 + 217. Calculate the greatest common divisor of 11 and q.
11
Let x(g) = g**3 + 7*g**2 + 8*g + 6. Let y be x(-5). Suppose 0 = 2*v - 0*v - y. Suppose 2*p - 3 = 1. Calculate the greatest common divisor of v and p.
2
Let b be 9/(9/(-4)) + 59. Calculate the highest common divisor of b and 11.
11
Suppose 2*u - 6*u + 240 = 0. Let t = -4 + 8. Suppose -h = n + t*h - 17, 3*h = 5*n - 57. Calculate the highest common factor of n and u.
12
Suppose 0 = n - f - 67, -5*n + 214 + 118 = -4*f. Let s be 16 + (-2)/(-2)*0. What is the greatest common factor of n and s?
16
Suppose -3*u = u. Let x be (48/(-3 + u))/(-1). Let n = 8 - -8. Calculate the highest common divisor of n and x.
16
Let l = -121 - -134. What is the highest common factor of l and 52?
13
Let t(j) = 2*j - 8. Let q be t(7). What is the highest common factor of 18 and q?
6
Suppose 3*b + 72 = 6